{"id":162,"date":"2013-05-16T20:26:53","date_gmt":"2013-05-16T18:26:53","guid":{"rendered":"http:\/\/www.theaterverein-bubach.de\/wordpress\/?page_id=162"},"modified":"2025-04-28T15:22:21","modified_gmt":"2025-04-28T13:22:21","slug":"vorstand","status":"publish","type":"page","link":"http:\/\/www.theaterverein-bubach.de\/wordpress\/kontakt\/vorstand\/","title":{"rendered":"Vorstand"},"content":{"rendered":"<p>Am Freitag, dem 25.04.2025 fand in der Pfarrei Bubach die Generalversammlung des Theatervereins Bubach e.V. statt.<br \/>\nHierbei wurde nach Entlastung des \u201ealten\u201c Vorstandes folgender neuer Vorstand gew\u00e4hlt:<\/p>\n<ul>\n<li>1. Vorsitzender: Giosu\u00e8 Di Natali<\/li>\n<li>2. Vorsitzender: Albert Zangerle<\/li>\n<li>Kassenwart: Myrjam Emanuel-Gross<\/li>\n<li>Jugendwart: Annkatrin Gross, Hannah Zahler<\/li>\n<li>Pressewart: Stefan Behrning<\/li>\n<li>Schriftf\u00fchrer: Leonie Kreutzer<\/li>\n<li>Technikwart: Andreas Hell<\/li>\n<li>Schminkwart: Gertrud Sch\u00e4fer<\/li>\n<li>B\u00fchnenwart: Danny Zimmer<\/li>\n<li>Kost\u00fcmwart: Laura Jager<\/li>\n<li>Beisitzer: Sabine Muno, Thomas Muno, Christoph Schwarz (Vertreter: Lucy Muno, Kathrin Neu, Eva Schwenk)<\/li>\n<li>Kassenpr\u00fcfer: Katja Schallmo, Katja Gross<\/li>\n<\/ul>\n<p>Wenn sie eine E-Mail an&nbsp;einen der Vorstandsmitglieder schicken m\u00f6chten&nbsp;k\u00f6nnen sie das hier\u00fcber tun: <a title=\"E-Mail an ein Vorstandsmitglied\" href=\"http:\/\/www.theaterverein-bubach.de\/wordpress\/e-mail-an-ein-vorstandsmitglied\/\">E-Mail<\/a><\/p>\n<p>&nbsp;<\/p>\n<p>&nbsp;<\/p>\n","protected":false},"excerpt":{"rendered":"<p>Am Freitag, dem 25.04.2025 fand in der Pfarrei Bubach die Generalversammlung des Theatervereins Bubach e.V. statt.<br \/> Hierbei wurde nach Entlastung des \u201ealten\u201c Vorstandes folgender neuer Vorstand gew\u00e4hlt:<\/p>\n<ul>\n<li>1. Vorsitzender: Giosu\u00e8 Di Natali<\/li>\n<li>2. Vorsitzender: Albert Zangerle<\/li>\n<li>Kassenwart: Myrjam Emanuel-Gross<\/li>\n<li>Jugendwart: Annkatrin Gross, Hannah Zahler<\/li>\n<li>Pressewart: Stefan Behrning<\/li>\n<li>Schriftf\u00fchrer:  \u2026 <a href=\"http:\/\/www.theaterverein-bubach.de\/wordpress\/kontakt\/vorstand\/\">weiterlesen&#8230; <span class=\"meta-nav\">&rarr; <\/span><\/a><br \/>\n","protected":false},"author":1,"featured_media":0,"parent":94,"menu_order":0,"comment_status":"closed","ping_status":"open","template":"template-onecolumn.php","meta":{"ngg_post_thumbnail":0},"_links":{"self":[{"href":"http:\/\/www.theaterverein-bubach.de\/wordpress\/wp-json\/wp\/v2\/pages\/162"}],"collection":[{"href":"http:\/\/www.theaterverein-bubach.de\/wordpress\/wp-json\/wp\/v2\/pages"}],"about":[{"href":"http:\/\/www.theaterverein-bubach.de\/wordpress\/wp-json\/wp\/v2\/types\/page"}],"author":[{"embeddable":true,"href":"http:\/\/www.theaterverein-bubach.de\/wordpress\/wp-json\/wp\/v2\/users\/1"}],"replies":[{"embeddable":true,"href":"http:\/\/www.theaterverein-bubach.de\/wordpress\/wp-json\/wp\/v2\/comments?post=162"}],"version-history":[{"count":24,"href":"http:\/\/www.theaterverein-bubach.de\/wordpress\/wp-json\/wp\/v2\/pages\/162\/revisions"}],"predecessor-version":[{"id":7203,"href":"http:\/\/www.theaterverein-bubach.de\/wordpress\/wp-json\/wp\/v2\/pages\/162\/revisions\/7203"}],"up":[{"embeddable":true,"href":"http:\/\/www.theaterverein-bubach.de\/wordpress\/wp-json\/wp\/v2\/pages\/94"}],"wp:attachment":[{"href":"http:\/\/www.theaterverein-bubach.de\/wordpress\/wp-json\/wp\/v2\/media?parent=162"}],"curies":[{"name":"wp","href":"https:\/\/api.w.org\/{rel}","templated":true}]}}

<p>Am Freitag, dem 25.04.2025 fand in der Pfarrei Bubach die Generalversammlung des Theatervereins Bubach e.V. statt.<br />
Hierbei wurde nach Entlastung des „alten“ Vorstandes folgender neuer Vorstand gewählt:</p>
<ul>
<li>1. Vorsitzender: Giosuè Di Natali</li>
<li>2. Vorsitzender: Albert Zangerle</li>
<li>Kassenwart: Myrjam Emanuel-Gross</li>
<li>Jugendwart: Annkatrin Gross, Hannah Zahler</li>
<li>Pressewart: Stefan Behrning</li>
<li>Schriftführer: Leonie Kreutzer</li>
<li>Technikwart: Andreas Hell</li>
<li>Schminkwart: Gertrud Schäfer</li>
<li>Bühnenwart: Danny Zimmer</li>
<li>Kostümwart: Laura Jager</li>
<li>Beisitzer: Sabine Muno, Thomas Muno, Christoph Schwarz (Vertreter: Lucy Muno, Kathrin Neu, Eva Schwenk)</li>
<li>Kassenprüfer: Katja Schallmo, Katja Gross</li>
</ul>
<p>Wenn sie eine E-Mail an&nbsp;einen der Vorstandsmitglieder schicken möchten&nbsp;können sie das hierüber tun: <a title="E-Mail an ein Vorstandsmitglied" href="http://www.theaterverein-bubach.de/wordpress/e-mail-an-ein-vorstandsmitglied/">E-Mail</a></p>
<p>&nbsp;</p>
<p>&nbsp;</p>

<p>Am Freitag, dem 25.04.2025 fand in der Pfarrei Bubach die Generalversammlung des Theatervereins Bubach e.V. statt.<br /> Hierbei wurde nach Entlastung des „alten“ Vorstandes folgender neuer Vorstand gewählt:</p>
<ul>
<li>1. Vorsitzender: Giosuè Di Natali</li>
<li>2. Vorsitzender: Albert Zangerle</li>
<li>Kassenwart: Myrjam Emanuel-Gross</li>
<li>Jugendwart: Annkatrin Gross, Hannah Zahler</li>
<li>Pressewart: Stefan Behrning</li>
<li>Schriftführer:  … <a href="http://www.theaterverein-bubach.de/wordpress/kontakt/vorstand/">weiterlesen&#8230; <span class="meta-nav">&rarr; </span></a><br />
